{"id":63,"date":"2023-09-01T13:35:31","date_gmt":"2023-09-01T11:35:31","guid":{"rendered":"https:\/\/www.provax.sk\/?page_id=63"},"modified":"2023-09-19T21:50:40","modified_gmt":"2023-09-19T19:50:40","slug":"evidencia-technickych-preukazov-vozidiel","status":"publish","type":"page","link":"https:\/\/www.provax.sk\/index.php\/nase-produkty\/evidencia-technickych-preukazov-vozidiel\/","title":{"rendered":"Evidencia technick\u00fdch preukazov"},"content":{"rendered":"\n<p><br>Predstavujeme V\u00e1m produkt na\u0161ej firmy \u2013 program \u201ePROVAX \u2013 TP\u201c na <strong>spracovanie \u00fadajov z nov\u00e9ho technick\u00e9ho preukazu<\/strong>. Tento praktick\u00fd, pre autoservisy a autodielne ve\u013emi \u0161ikovn\u00fd pomocn\u00edk je na obsluhu nen\u00e1ro\u010dn\u00fd program, ktor\u00fd V\u00e1m umo\u017en\u00ed prevzia\u0165, ulo\u017ei\u0165 a zobrazi\u0165 v\u0161etky \u00fadaje z technick\u00e9ho preukazu.<br>V\u0161etky na\u010d\u00edtan\u00e9 \u00fadaje sa automaticky spracuj\u00fa a ukladaj\u00fa do datab\u00e1zy, v ktorej je mo\u017en\u00e9 vyh\u013ead\u00e1va\u0165 pod\u013ea VIN, E\u010cV alebo priezviska majite\u013ea vozidla, alebo jednoducho listova\u0165 v zozname ulo\u017een\u00fdch klientov. Na\u010d\u00edtan\u00e9 \u00fadaje je mo\u017en\u00e9 tie\u017e kedyko\u013evek vytla\u010di\u0165.<br>In\u0161tal\u00e1cia je jednoduch\u00e1 aj pre nesk\u00fasen\u00e9ho pou\u017e\u00edvate\u013ea, po uhraden\u00ed fakt\u00fary je mo\u017en\u00e9 program stiahnu\u0165 priamo z na\u0161ej internetovej str\u00e1nky. Taktie\u017e je mo\u017en\u00e9 po\u017eiada\u0165 aj o bezplatn\u00fa in\u0161tal\u00e1ciu dod\u00e1vate\u013eom programu.<br><br><strong>Program \u201ePROVAX \u2013 TP\u201c je mo\u017en\u00e9 zak\u00fapi\u0165 samostatne alebo ako bal\u00ed\u010dek aj s \u010d\u00edta\u010dkou \u010dipov\u00fdch kariet.<\/strong> \u010c\u00edta\u010dka \u010dipov\u00fdch kariet je nevyhnutnou technickou podmienkou pre na\u010d\u00edtanie \u00fadajov z nov\u00fdch technick\u00fdch preukazov.<br><br>Pokia\u013e \u010d\u00edta\u010dku \u010dipov\u00fdch kariet u\u017e vlastn\u00edte, n\u00e1\u0161 program komunikuje s \u010d\u00edta\u010dkami akejko\u013evek zna\u010dky a typu. Zak\u00fapenie \u010d\u00edta\u010dky \u010dipov\u00fdch kariet nie je podmienkou pre zak\u00fapenie samotn\u00e9ho programu \u201ePROVAX \u2013 TP\u201c.<br><\/p>\n","protected":false},"excerpt":{"rendered":"<p>Predstavujeme V\u00e1m produkt na\u0161ej firmy \u2013 program \u201ePROVAX \u2013 TP\u201c na spracovanie \u00fadajov z nov\u00e9ho technick\u00e9ho preukazu. Tento praktick\u00fd, pre autoservisy a autodielne ve\u013emi \u0161ikovn\u00fd pomocn\u00edk je na obsluhu nen\u00e1ro\u010dn\u00fd program, ktor\u00fd V\u00e1m umo\u017en\u00ed prevzia\u0165, ulo\u017ei\u0165 a zobrazi\u0165 v\u0161etky \u00fadaje z technick\u00e9ho preukazu.V\u0161etky na\u010d\u00edtan\u00e9 \u00fadaje sa automaticky spracuj\u00fa a ukladaj\u00fa do datab\u00e1zy, v ktorej je <a class=\"read-more\" href=\"https:\/\/www.provax.sk\/index.php\/nase-produkty\/evidencia-technickych-preukazov-vozidiel\/\">Read More<\/a><\/p>\n","protected":false},"author":1,"featured_media":0,"parent":12,"menu_order":6,"comment_status":"closed","ping_status":"closed","template":"","meta":{"footnotes":""},"class_list":["post-63","page","type-page","status-publish","hentry"],"_links":{"self":[{"href":"https:\/\/www.provax.sk\/index.php\/wp-json\/wp\/v2\/pages\/63","targetHints":{"allow":["GET"]}}],"collection":[{"href":"https:\/\/www.provax.sk\/index.php\/wp-json\/wp\/v2\/pages"}],"about":[{"href":"https:\/\/www.provax.sk\/index.php\/wp-json\/wp\/v2\/types\/page"}],"author":[{"embeddable":true,"href":"https:\/\/www.provax.sk\/index.php\/wp-json\/wp\/v2\/users\/1"}],"replies":[{"embeddable":true,"href":"https:\/\/www.provax.sk\/index.php\/wp-json\/wp\/v2\/comments?post=63"}],"version-history":[{"count":5,"href":"https:\/\/www.provax.sk\/index.php\/wp-json\/wp\/v2\/pages\/63\/revisions"}],"predecessor-version":[{"id":146,"href":"https:\/\/www.provax.sk\/index.php\/wp-json\/wp\/v2\/pages\/63\/revisions\/146"}],"up":[{"embeddable":true,"href":"https:\/\/www.provax.sk\/index.php\/wp-json\/wp\/v2\/pages\/12"}],"wp:attachment":[{"href":"https:\/\/www.provax.sk\/index.php\/wp-json\/wp\/v2\/media?parent=63"}],"curies":[{"name":"wp","href":"https:\/\/api.w.org\/{rel}","templated":true}]}}